 + 3, 0 = p + 2. Let g(t) = 41*t + 2428. Let z be g(-54). Suppose -4*n = j*v - 453, -2*n + z + 10 = 2*v. List the prime factors of n.
3, 13
Suppose -3*u - 782 = 4*p - 0*u, -p - 204 = 5*u. Let a = p + 444. Suppose 3*w - a = -2*i, 3*w + 2*w = 3*i + 442. List the prime factors of w.
2, 43
Suppose -20758 = -2*x + 117*w - 115*w, -2*w + 51839 = 5*x. List the prime factors of x.
3, 3457
Let r(d) = -4*d - 89. Let b be r(-23). Suppose 3*f = -2*w + 1516, 0*w - w = b*f - 1520. List the prime factors of f.
2, 127
Let y(u) = -1147*u - 130. What are the prime factors of y(-6)?
2, 211
Let v(r) = -r**3 - 37*r**2 - 68*r + 216. List the prime factors of v(-37).
2, 683
Let k = -2551 - -6555. List the prime factors of k.
2, 7, 11, 13
Let b be (9/((-54)/4))/(2/2382). Let j = b + 1311. What are the prime factors of j?
11, 47
Let x = 88657 - 57723. List the prime factors of x.
2, 15467
Suppose -38716 = -2*j + k + 19963, 2*j = 4*k + 58700. List the prime factors of j.
2, 19, 193
Let n(y) = -5703*y - 12310. List the prime factors of n(-10).
2, 5, 13, 43
Suppose 22*c = 24010 - 558. Let b = c + -425. List the prime factors of b.
641
Suppose 10603 - 2089 = 11*b. Let d = -133 + b. Suppose 83 = 4*q - d. List the prime factors of q.
181
Let z(o) be the first derivative of -o**5/20 + o**4/12 - o**3/3 - 10*o**2 - 8*o + 2. Let k(r) be the first derivative of z(r). List the prime factors of k(-5).
2, 5, 7
List the prime factors of (-1956)/(((-36)/54)/(-5 - 152/(-12))).
2, 3, 23, 163
Let k(z) = -12*z - 3. Let o be k(0). Let t(l) = l**2 - 7. Let c be t(o). Suppose -21 = 4*m - 4*w - 521, -c*w = 4*m - 470. What are the prime factors of m?
2, 3, 5
Let u(f) = 95*f**2 + 582*f + 52. List the prime factors of u(17).
3, 7, 13, 137
Suppose -27*s + 117 + 261 = 0. Suppose 0 = -4*a + s*a - 17680. List the prime factors of a.
2, 13, 17
Let a(g) = 4*g**2 - 4. Let y be a(9). Suppose 4*c = j - 43, c - y = -4*j - j. List the prime factors of (-2)/8 + j/28.
2
Suppose -3*l = -4*m - 23900, 3*l - m + 4*m - 23907 = 0. List the prime factors of l.
2, 3, 83
Let b be (0 + 0 - 5) + 14 + -8. List the prime factors of (((-35)/7)/(-5))/(b/77).
7, 11
Let d(f) = 7*f + 380. Let h be d(-54). Suppose h*r - 405 = 1351. List the prime factors of r.
2, 439
Suppose 51*n = 72*n + 745290. What are the prime factors of (-12)/(-8) - n/20?
2, 3, 37
Suppose -56 - 4 = -12*r. Suppose 415 + 1985 = r*o. List the prime factors of o.
2, 3, 5
Suppose 3212956 = 301*g + 45*g. List the prime factors of g.
2, 4643
Let q be -5 - (-2 - (-1 + 16)). Suppose q*n = -16*n + 11172. List the prime factors of n.
3, 7, 19
Suppose 0 = 7*c - 11*c - 4*m + 43036, -c = 2*m - 10756. List the prime factors of c.
2, 5381
Let p(m) = -2*m - 49. Let x be p(-20). Let u(b) = b**3 + 16*b**2 + 11*b + 7. What are the prime factors of u(x)?
5, 19
Let l be (6/(-9))/(((-102)/2304)/17). Let n = -6 + l. What are the prime factors of n?
2, 5
Let j(y) = 10951*y**3 + 5*y**2 + 14*y - 18. What are the prime factors of j(1)?
2, 37
Let z(n) = -4*n**3 - 7*n**2 + 199*n - 72. List the prime factors of z(-20).
2, 6287
Let q(y) be the third derivative of y**6/120 - y**5/60 + y**4/3 - 5*y**3/6 - 2*y**2. Let x be (-13)/(-3) + 12/(-36). List the prime factors of q(x).
3, 5
Let v = -93 + 74. What are the prime factors of (-5624)/v - -1*1?
3, 11
Let v(o) = 2*o**3 + 2*o**2 + 2*o + 718. Let u be v(0). Let f = -162 + u. What are the prime factors of f?
2, 139
Let h = -590 + 3486. What are the prime factors of (h/(-40))/(4/(-5))*6?
3, 181
Suppose 4*u + 5*j = 1900, 0 = 5*u + 2*j - j - 2417. List the prime factors of u.
5, 97
List the prime factors of -1 - 0 - ((42 - -5)*-149 - 11).
7013
What are the prime factors of (-150528583)/(-4411) + 6/22?
2, 113, 151
Suppose 20*d + 2*d - 485622 = 142082. What are the prime factors of d?
2, 7, 1019
Let c = -30 + 53. Let a(n) = 13 - c - n + 65. What are the prime factors of a(-19)?
2, 37
Let h = 9 + 15. Suppose 0 = -h*i + 20*i + 760. Let r = i + -95. List the prime factors of r.
5, 19
Suppose 0 = -5*c + 5*z - 0*z + 4555, 3*c = 2*z + 2732. Let r = -469 + c. List the prime factors of r.
3, 7
Suppose -45*f + 16258 = -56957. List the prime factors of f.
1627
Suppose -14*c + 8*c = 0. Suppose -28*v + 23*v + 315 = c. List the prime factors of 26/8 - (v/28 - 2).
3
Let p(z) = z**2 + 2. Let f(a) = -116*a**2 - a + 8. Let s(k) = -f(k) + 2*p(k). List the prime factors of s(1).
5, 23
Suppose 3*s = 5*u - 59403, -u + 4*s - 59396 = -6*u. Suppose 19*n = -8*n + u. What are the prime factors of n?
2, 5, 11
Suppose -12*v + 15 + 9 = 0. Suppose 4*i - 4*o = 162 + 506, 4*i = v*o + 670. List the prime factors of i.
2, 3, 7
Suppose 3194 = -4*m - 2*l, 10*m + 791 = 9*m + 2*l. Let c = m + 1602. List the prime factors of c.
5, 7, 23
Suppose 20*c = 17*c. Let k be -2*(c - (3 + -1)). Suppose -4*b - k = 0, f = -0*b + 2*b + 100. List the prime factors of f.
2, 7
Let z(o) = 6*o**3 + 2*o**2 + 7*o + 6. Let d be z(-4). Let c = d + 941. What are the prime factors of c?
3, 7
What are the prime factors of 19894/(-5)*(-40)/16?
7, 29
Let s = -150 - -184. Suppose 226 = -s*q + 35*q. List the prime factors of q.
2, 113
Suppose 2516 = -3*o + 2504, -3*p + 92989 = -4*o. List the prime factors of p.
17, 1823
Let f(v) = 19*v**2 - 15*v - 81. Let i be f(-5). Suppose 3*a - 666 = 3*h, -h + i + 444 = 4*a. What are the prime factors of a?
227
Suppose -52*q + 3015 = -47*q. Suppose 4*b = -3*j - q, -3*b - 453 = 2*j - 0*j. Let k = -104 - b. What are the prime factors of k?
7
Let n(o) = o**3 - 18*o**2 - o + 20. Let y be n(18). Suppose d + 7*j - y*j - 871 = 0, -879 = -d - j. List the prime factors of d.
881
Let m(w) be the second derivative of 0 + 17/12*w**4 + 15*w + 0*w**2 + 1/3*w**3. What are the prime factors of m(1)?
19
Let d(w) = w**3 - 18*w**2 + 15*w + 34. Let t be d(17). Suppose t = -4*z - y + 2669, 5*y - 2657 = 7*z - 11*z. What are the prime factors of z?
2, 167
Let s(k) = k**3 - 36*k**2 + 62*k - 55. Let g be s(35). Suppose -24*m + g = -23*m. List the prime factors of m.
2, 5, 89
Let w(k) = 2*k + 40. Let r be w(-19). What are the prime factors of 67/((4/r)/14)?
7, 67
Suppose 8*u + k - 1547 = 5*u, 5*u - 2605 = 5*k. Suppose -u*p + 1548 = -511*p. List the prime factors of p.
2, 3, 43
Let n(s) = s**3 - 8*s**2 + 6*s + 12. Let d be n(7). Suppose -h + 343 = -11*i + 6*i, d*i - 701 = -2*h. List the prime factors of h.
2, 3, 29
List the prime factors of 19/6*2*71/((-142)/(-876)).
2, 19, 73
Let b(y) = -y**2 - y + 2. Let f be b(-4). Let m be 12 - f*5/(25/2). What are the prime factors of (4 - 0)*436/m?
109
Let g = -6213 + 10103. List the prime factors of g.
2, 5, 389
Let x be (4/(-3))/((-11)/12 + 1). What are the prime factors of (-795)/(-12)*(-5)/10*x?
2, 5, 53
Suppose 0 = 4*m - 3*w + 5*w + 542, -2*m = 5*w + 251. Let k(z) = -z**3 - 2*z**2 - 8*z + 6. Let j be k(-6). Let y = m + j. What are the prime factors of y?
2, 3, 5
What are the prime factors of (47 - 68)/((-6)/668)?
2, 7, 167
Suppose 0 = 45*n - 42*n + 1680. Let f = n + 1154. What are the prime factors of f?
2, 3, 11
Let w be (-6)/(-27) - 384/27. Let h be (w/6)/((-4)/((-48)/(-4))). Let z(a) = 12*a - 15. What are the prime factors of z(h)?
3, 23
Let m = 30 - 9. Suppose -1230 = -9*g + m. List the prime factors of g.
139
Let x be 2/8*0/4. List the prime factors of (x - (3 + -4))/((-2)/(-662)).
331
Suppose 0 = -2*f - 8. Let u(a) = -4*a**3 - 3*a**2 - 15*a - 7. Let o be u(f). Let v = o - 152. What are the prime factors of v?
109
Suppose 0 = 59*h - 56*h - 6. Suppose -3*n = j - 1151, -5*n - 2*j = h*j - 1923. List the prime factors of n.
383
Let q(z) = 1352*z**2 + 2*z + 16. List the prime factors of q(-2).
2, 5, 271
Let p be (97/(-2))/(4/(-16)). Suppose -d = 5*g - 105, p = 2*d - 4*g + 12. List the prime factors of d.
5, 19
Suppose -7*z + 118152 = z. Suppose 43*w = -z + 36570. What are the prime factors of w?
3, 13
Suppose 5*s + 2*g - 182 = -0*s, 0 = 5*s + 3*g - 183. Suppose -3*f + s = 4*j - f, -2*f = -j - 1. Suppose 13*m - j*m - 90 = 0. List the prime factors of m.
3, 5
Let m = 158 - 111. Let g(f) = -4*f**2 - 193*f - 11. Let i be g(-48). Let d = m + i. List the prime factors of d.
2, 3, 7
Suppose 3*h - 3*b - 16808 = -89, h = 3*b + 5563. Suppose -11*p + 7*p + 5*n + h = 0, 0 = -p - 2*n + 1401. List the prime factors of p.
11, 127
Suppose -532 = -7*h + 6*h. Suppose -36